 and 12.
6
Suppose -5*r + 27 + 23 = 0. Calculate the highest common divisor of r and 130.
10
Let c be -3*(2 - (39 - -2)). Calculate the highest common divisor of c and 36.
9
Let s(w) = -2*w**2 - 4*w + 16. Let a be s(-5). Let m be 44/7 + 4/a. Calculate the greatest common divisor of 42 and m.
6
Let r(h) be the first derivative of 4*h - 1/4*h**4 - h**3 - 5 + 3/2*h**2. Let c be r(-4). Calculate the highest common divisor of c and 8.
8
Let a(q) = -34*q**2 - 9*q - 10. Let l(b) = 101*b**2 + 27*b + 31. Let p(j) = 17*a(j) + 6*l(j). Let m be p(-2). What is the highest common factor of 44 and m?
22
Let g = 3564 + -1516. What is the greatest common factor of g and 32?
32
Suppose -5*u + 10 = -4*a + a, 2*u - 3*a - 4 = 0. Let j be 75/45*162/u. What is the greatest common factor of j and 27?
27
Let y = -780 + 834. What is the greatest common divisor of 42 and y?
6
Let h(f) = -17*f + 327. Let t be h(14). Calculate the greatest common factor of 2759 and t.
89
Suppose 27*w - 22*w = 5. Let n = w + 1. Let d(k) = -17*k + 1. Let p be d(-1). What is the highest common divisor of n and p?
2
Let x be (-2)/(-6) + (-1005)/(-9). Let z be (-2)/5 + x/80. What is the highest common factor of z and 5?
1
Suppose 77 = -4*d + 13. Let r be d/(-1 - 3) - -20. Calculate the greatest common divisor of r and 72.
24
Suppose -h - p = -2 + 15, 4*p = 5*h + 20. Let g = h - -12. Suppose -4*c + 52 = 23*c - c. Calculate the greatest common divisor of c and g.
2
Let s(c) = c + 15. Let y be s(-7). Suppose y = i - 3. Calculate the highest common divisor of 22 and i.
11
Let g(b) = b**2 - 2*b - 9. Let l be g(6). Let c = -27 + 38. Let s = c + 34. What is the greatest common divisor of l and s?
15
Suppose -f = 2*u - 8, 3*u = 2*u + f + 1. Suppose -a + u*t + 5 = 0, 1 = -a + 4*t + 7. Calculate the highest common factor of 1 and a.
1
Let m(a) = a + 19. Let n be m(-6). Suppose 6*r - n = 29. Suppose -r = 3*l - 10. What is the greatest common factor of l and 8?
1
Let o(x) = 15*x + 1. Let n be o(1). Suppose -87*u + 4 = -88*u, 3*u + 108 = 2*k. What is the highest common divisor of k and n?
16
Let h = 14 + 1. Let u be (-3)/(-3)*(-9)/(-54)*18. Calculate the greatest common factor of u and h.
3
Let q(k) = -k**2 - 7*k - 4. Let f be (-60)/(-6)*2/(-4). Let u be q(f). Let g be 64/u + (-10)/15. What is the greatest common divisor of g and 20?
10
Let l = 65 - 62. Suppose -o + l*o = 46. What is the greatest common factor of 207 and o?
23
Let f(k) = -k**3 + 16*k**2 + 2*k - 100. Let i be f(15). Calculate the greatest common factor of i and 50.
5
Suppose -3 - 5 = -2*w - x, -5*w + 15 = 5*x. Let a = w + 7. Calculate the greatest common divisor of 84 and a.
12
Let y = -21118 - -21128. Suppose 6*n - 3*n - 150 = 0. What is the highest common divisor of y and n?
10
Suppose 26*l + 4732 - 23998 = 0. What is the greatest common divisor of l and 39?
39
Suppose -4*r - 16 = 0, -5*r + r = 2*s + 68. Let t = s + 36. What is the highest common divisor of t and 30?
10
Suppose -3*b - 2*q = -2114, -8 = -q - 4. Calculate the highest common factor of b and 104.
26
Suppose -2*f - 3*c = -26, 52 = -2*f + 6*f - c. Let j(a) = -a + 26. Let w be j(0). Calculate the greatest common factor of f and w.
13
Suppose 2*i + 4*y - 3*y = 22, 5*y = -2*i + 14. Suppose 3*j = -5*p + 655, 428 = 2*j + 4*p - i. Calculate the highest common divisor of 30 and j.
30
Let q(h) = -h**3 - 36*h**2 + 56*h - 318. Let r be q(-38). What is the highest common factor of r and 85?
17
Let s(t) = 52*t + 10. Let x be s(7). Suppose -9*b = -346 + 40. What is the highest common factor of x and b?
34
Suppose 11*z = 12*z - 3. Suppose 0 = z*r - 77 - 220. What is the highest common factor of r and 11?
11
Let l be 2/8*(7 - -5). Let w be ((-4)/l)/((-38)/1197). Calculate the highest common divisor of 6 and w.
6
Let u(o) = -4*o - 89. Let l(d) = 10*d + 222. Let f(q) = 5*l(q) + 12*u(q). Let g be f(0). What is the highest common divisor of 14 and g?
14
Let n(y) = -126*y + 764. Let r be n(6). What is the highest common factor of 656 and r?
8
Let f = -268 + 364. Calculate the greatest common divisor of f and 312.
24
Let y(s) = 68 - 5 - 2*s - 2*s. Let q be y(13). What is the greatest common divisor of 33 and q?
11
Let i be 3/12 + (-45)/(-12). Suppose i*f - 4*y = f + 16, y = 5*f - 38. Let q(l) = l + 16. Let x be q(-8). Calculate the greatest common factor of f and x.
8
Let g = 16 - 21. Let j be 84 + (-1)/(g/(-20)). Let u(f) = f - 1. Let b be u(11). Calculate the highest common factor of j and b.
10
Let r be (-1)/(-3) - (490/3)/(-5). Calculate the highest common factor of r and 231.
33
Let g be ((27/(-6))/(-9))/(1/6). Suppose 2*q - 3*c = -3 + 44, g*q + 2*c - 29 = 0. Calculate the greatest common divisor of q and 65.
13
Let x be (-33)/(-7) - (-10)/35. Suppose x*o = 7*o. Let v be 9/((-3)/(-24) + o). What is the highest common divisor of 12 and v?
12
Let j(l) = -2*l - 2 + 2*l**3 + l**2 - 3*l**2 + 4*l**2. Let g be j(2). Let b = 73 + -71. Calculate the highest common divisor of b and g.
2
Suppose 0 = -c - 2*v + 14, 2*v - 7 = -11. What is the greatest common factor of 234 and c?
18
Let b be (-8)/6*3276/(-112). What is the greatest common factor of b and 455?
13
Let t be (-705)/(-70)*153 + (-2)/(-28). What is the greatest common factor of t and 134?
67
Let q(a) = a**2 - 3*a + 13. Let x be q(0). Suppose 131 + 103 = 2*c. What is the highest common factor of x and c?
13
Suppose 303335 = 41*k + 62*k. What is the highest common divisor of k and 95?
95
Suppose z - 6*z - 3*o - 7 = 0, -5*o - 16 = 4*z. Let j be ((-1)/3)/(5/(-75)*1). Calculate the highest common factor of j and z.
1
Let j be 76/(2 + 18/(-12)). Let x(b) = 2*b**2 - b + 4. Let m be x(3). What is the greatest common divisor of j and m?
19
Let r(y) = 12*y**3. Let i be r(1). Let m(f) be the third derivative of f**4/8 + 8*f**3 - f**2. Let b be m(-15). What is the greatest common divisor of i and b?
3
Let u = 181 + -41. What is the highest common factor of 40 and u?
20
Suppose 0*w - 2*w - 4*s = 4, 5*w - 2*s = -58. Let j = 2 - w. Let o = -3 + j. Calculate the highest common divisor of o and 99.
9
Suppose 4*a + 40 = r, -2*a + 11 + 101 = 5*r. Let b = 32 - 62. Let l be b*1*(-4)/10. What is the highest common divisor of r and l?
12
Let b(s) = s - 4*s - 6 + 0*s. Let p be b(6). Let n be (-769)/(-6) - (-4)/p. What is the highest common factor of 16 and n?
16
Let z(p) = -p**2 + 11*p + 3. Let q be z(5). Suppose -9*n + 6*n = -q. Calculate the highest common factor of 11 and n.
11
Let s = 33 + -1. Calculate the greatest common divisor of 224 and s.
32
Suppose -3*w = 2*w - 10, t + 3*w - 9 = 0. Suppose t*r + 111 = 3*g, -2*g - 2*r + 77 = -7*r. Calculate the greatest common factor of g and 36.
36
Let w = 644 + -613. Let l = -42 - -73. What is the greatest common divisor of l and w?
31
Suppose -2 = -3*k + 1. Let a be (11/k)/((-2)/(-22)). Calculate the highest common divisor of a and 11.
11
Suppose t = 5*r + 45, -232*r = -t - 236*r. What is the greatest common divisor of t and 830?
10
Let h(o) = -25*o - 46. Let k be h(-4). What is the highest common factor of 6 and k?
6
Let d = 595 - 315. What is the highest common divisor of d and 224?
56
Let o(v) = v**3 + 18*v**2 + 26*v - 68. Let m be o(-15). Suppose 0 = -5*c + 2*h + 151, 128 = 4*c - h + 3*h. What is the greatest common divisor of c and m?
31
Suppose -4*m + 58 = 2. Suppose -2*y = 4*r - 12, -8 = -4*r - 3*y - 0. Suppose r*g + m = 64. What is the highest common factor of 10 and g?
10
Suppose -o = -2*w + 7*w - 287, 2*w - 107 = -3*o. Calculate the greatest common divisor of 464 and w.
58
Let z be (21/(-9) + 1)*3321/(-54). What is the highest common factor of z and 574?
82
Let t be (-1948)/(-22) + 666/(-1221). Suppose 5*i = 4*l - 24, -2*i - 17 - 19 = -4*l. Suppose -k = -0*k - l. Calculate the highest common divisor of t and k.
11
Let k(f) = f**3 - 11*f**2 + 12*f - 18. Let p be k(10). Suppose -4*h + a + 648 = 0, a - p*a = -5*h + 810. Calculate the highest common divisor of h and 18.
18
Suppose -4*a - 29 = -9. Let y = -3 - a. Suppose -5*h + 4*o = o - 38, 2*h - 4*o = 4. Calculate the highest common divisor of h and y.
2
Let g(d) = -4*d - 23. Let j be g(-7). Suppose -k + 5*c + 20 = 2*c, j*c = -3*k + 4. Suppose 3*o - 8 = 40. Calculate the highest common factor of o and k.
8
Suppose -2*t - 2*o = -4*o + 10, 4*t = 3*o - 15. Suppose 